m + l*m - m + 0 + 10*m**2 + 1. What is the units digit of r(-2)?
3
Let v = 10 - 12. Let s(z) = -5*z + 4. Let t be s(-4). Let r = t + v. What is the units digit of r?
2
Suppose 0 = -18*z + 4701 + 7179. What is the units digit of z?
0
Suppose 71*k = 63*k + 608. What is the tens digit of k?
7
Suppose 36*r - 30 = 41*r. What is the units digit of (-140)/r*(-3)/(-2)?
5
Suppose 4*u + 45 = -63. Let o = -23 - u. What is the units digit of o?
4
Suppose 0 = -3*b - 189 + 210. Let s = b - -160. What is the tens digit of s?
6
Let y(s) = s**2 + s + 4. Suppose q - 3 = -3*m, 0 = -q - m - 1 + 2. Let t be y(q). Suppose 2*l = t*o - 36, 84 = 5*o + 4*l + 26. What is the tens digit of o?
1
Let c be -18*((-8)/(-3) - 3). Let f(s) = 2*s + 7. What is the units digit of f(c)?
9
Let f = -273 - -487. What is the units digit of f?
4
Let g(d) = -d**3 - 7*d**2 - 13*d - 22. What is the tens digit of g(-9)?
5
Let a be 56/10*(-15)/(-6). Let c = a + -29. What is the units digit of c/((-2)/4*2)?
5
Let w(d) = d**3 - 47*d**2 + 112*d - 126. What is the tens digit of w(45)?
6
Let u(y) = -4*y**3 + 11*y**2 - 9*y + 14. Let q(x) = -3*x**3 + 7*x**2 - 6*x + 9. Let k(t) = -8*q(t) + 5*u(t). What is the tens digit of k(3)?
0
Suppose -l = 3*l + 80. Let o = -24 - l. Let j(z) = -z**3 - 2*z**2 + 5*z + 2. What is the tens digit of j(o)?
1
What is the tens digit of (-140350)/(-98) - (-2)/(-14)?
3
Let l(v) be the second derivative of -3*v**3 - 7*v**2/2 + 8*v. Let x be l(-4). Suppose -3*s - x = -8*s. What is the tens digit of s?
1
Let w(j) = -3*j**2 + 3*j - 5*j + j**3 + 9*j - 11. What is the units digit of w(5)?
4
Let g = -70 - -35. What is the units digit of 10/g + (-1996)/(-28)?
1
Let s be (540/(-48))/((-6)/16). Let h = -25 + s. What is the units digit of h?
5
Let l = 860 + 219. What is the tens digit of l?
7
Let q = 243 + -208. Let c(w) = w + 7. Let g be c(-7). Suppose g = 4*h + h - q. What is the units digit of h?
7
Let a be (-6)/10 - 362/5. Let u = 80 - -39. Let t = u + a. What is the units digit of t?
6
Let r = 38 + -36. Suppose -89 = -3*i + 5*b, 3*i - b + r*b - 101 = 0. What is the tens digit of i?
3
Let p be 3 + (2/2 - 3). Suppose -w + 3*w + 5*v + 25 = 0, -2*v - p = -w. What is the units digit of (w/((-15)/(-87)))/(-1)?
9
Suppose 788 = 3*f - 2*v, 0 = f - 3*v + 2*v - 263. What is the units digit of f?
2
Let s = 211 - 336. Let h = 123 - s. What is the units digit of h?
8
Suppose 4*b = 3*t - 1954, 0 = -3*b - 1 - 11. What is the tens digit of t?
4
Let g(t) = 23*t + 1. Let m be g(4). Let n be (9/(-27))/(1/m). Let r = 3 - n. What is the units digit of r?
4
Suppose -3*a + 6171 = -3*y, -3*y + 5*a = 3*a + 6169. What is the units digit of y/(-35) - (-3 - (-19)/7)?
9
Let i(t) = 57*t - 79. What is the tens digit of i(16)?
3
Let r be -12*(4/3 - 0). Let t(o) = -14*o**2 + 18*o + 3*o - o**3 + 23 - 8*o - 11*o**2 + 10*o**2. What is the units digit of t(r)?
1
Let y(n) = 2*n**2 - 7*n + 3. Suppose -5 = 5*u, -13 = 4*x - 6*x + 5*u. What is the units digit of y(x)?
7
Suppose 13*y - 21817 = 15155. What is the thousands digit of y?
2
What is the units digit of 754/12 + (-2)/(-12)?
3
Suppose 4*z - q - 17 - 25 = 0, -2*z = 3*q - 14. What is the units digit of (-5)/z - (-194)/4?
8
Suppose 0 = -4*i + 2*i + 4. Suppose -u + 3 = i. What is the units digit of (23 - -1) + u/1?
5
Let c(n) be the second derivative of -n**3/6 - 3*n**2/2 - 6*n. Let q be c(-8). Suppose -j - j + 75 = 5*d, -2*d - q*j = -51. What is the tens digit of d?
1
Suppose -5*s - 3*r + 2550 = 0, -3*s + 4*r + 1639 = 138. What is the tens digit of s?
0
Let b(f) = -5*f**2 - 2*f + 29. Let i be b(-6). Let s = 262 + i. What is the tens digit of s?
2
Suppose -s - 3*z + 9 = 2*s, 2*s + z = 2. What is the units digit of 464/3 - (s + (-6)/(-9))?
5
Let a = 65 - 25. Let l = a + 10. What is the units digit of l?
0
Suppose 0 = -4*s - 4*p + p + 17, s + 4*p = 1. Suppose k = -4*k + 20. Suppose -k*o - 10 = a, 3*o = s*a + 5*o - 40. What is the tens digit of a?
1
Suppose -m - 10 = 6. Let w = -22 - m. What is the tens digit of (2/w)/((-4)/300)?
2
Let y be (5 + -4)/(1/5). Suppose t - 5*t - 60 = 3*q, -y*q = -5*t + 135. Let x = q - -63. What is the units digit of x?
9
Let f = 52 + -25. Let g be (-32)/(-18) - (-6)/f. Suppose -x + 60 = g*x. What is the tens digit of x?
2
Let a(j) = 173*j**2 - 133*j + 699. What is the tens digit of a(5)?
5
Suppose -23*l = -4*l - 113753. What is the tens digit of l?
8
Let x be 9*1/(-15)*-5. Suppose 0 = -x*n + g + 418, -n = n - 5*g - 257. What is the units digit of n?
1
Let f = 10 + -1. Let g(q) = -q**3 + 9*q**2 - 2*q + 7. Let w be g(8). Suppose 0 = -4*a + f + w. What is the tens digit of a?
1
Suppose -4*v - v = -s - 3, -3*v = 2*s + 6. Let t = 0 + v. Suppose 4*w + 4*r = 100, -2*r + t*r - 90 = -3*w. What is the tens digit of w?
2
Let h be (2 + -6)/(-3 + 5) - -23. Suppose j - 3*w = 224, -465 = -2*j + 5*w - h. What is the tens digit of j?
1
Let y(n) = 2*n**2 - n - 1. Let g be y(-1). Suppose g = 4*x - 194. Let o = x + -3. What is the units digit of o?
6
Let m be (-30)/(-3)*-4 - -4. What is the units digit of 3 - (m/(-2))/((-18)/135)?
8
What is the tens digit of ((-102656)/192)/((-4)/3)?
0
Let z be (-1 + 1)*4/12. Suppose z = -2*v - 2*v + 20. What is the units digit of (2/4)/(v/370)?
7
What is the hundreds digit of -3 + 643 - -4 - -6?
6
Let w = -26 - -30. Let b be (-20)/(-4) - w - -4. Suppose 83 = a + b*v, 0*a - 361 = -5*a + 2*v. What is the units digit of a?
3
Suppose 5*x - 6 - 14 = 0. Let z be (2/x)/(1/16). What is the units digit of 12/z + 25/2?
4
Suppose 2138 = 48*y - 134518. What is the units digit of y?
7
Let g(s) = -25*s - 61. What is the tens digit of g(-21)?
6
Let k(y) = -21 - y**2 - 2*y**3 + 35 - 13. Let m be k(-1). Suppose -m*a = -136 + 22. What is the units digit of a?
7
Let g = 11 + -1. Suppose 0 = g*c - c - 882. What is the units digit of c?
8
Let t be (-1 - 0)*62*12/(-8). Let l = t - -191. What is the units digit of l?
4
Let z(w) = -3*w - 9 + 3*w**2 - 4*w**2 + w - 6*w. Let i be z(-6). What is the tens digit of -1 + 2 + 16 - i?
1
Suppose 2 = -4*z - 2. Let v be 0 - z*(-4)/(-2). Suppose -2*h + v*r + 2 = 0, 5*h + 4 = -4*r + 27. What is the units digit of h?
3
Suppose 0 = -8*o + 2596 + 5596. What is the tens digit of o?
2
Let z(a) = -24*a + 90. What is the tens digit of z(-8)?
8
Let v(o) = -o**3 + 15*o**2 + 22. Let f be -4*(1 - 5)/16. Let d be f/(-5) + 304/20. What is the tens digit of v(d)?
2
What is the hundreds digit of 636 - (-35 - 1)/6?
6
Suppose -5*m + 26 = -2*f, 5*f + m + 23 = 3*m. What is the units digit of (-3)/6*-24 + f?
9
What is the units digit of 420*(3 - (-25)/(-10))?
0
Let a = 3 - -1. Suppose -3*o + 9 + 0 = -3*m, -2*m = 3*o - a. Suppose 0 = -5*i + 2*f + 4, 3*f - 4 = o*i + 1. What is the units digit of i?
2
Let q be (-46)/3*(-1 - 5). Suppose -89 = -2*p - g, 0*p - 4*g = 2*p - q. What is the units digit of p?
4
What is the units digit of 3/((-18)/24) - (-1136 + -1)?
3
Let k = -23 + -2. Let o = -22 - k. Let h(t) = 3*t**3 - t**2 - 7*t - 1. What is the tens digit of h(o)?
5
Suppose y = 3*y + 118. Let k = -93 - -96. What is the units digit of y/(k + 1 + -5)?
9
Suppose -2*u = -0*u - 2, -5*w + 2*u + 413 = 0. Suppose -w*m = -85*m + 158. What is the tens digit of m?
7
What is the hundreds digit of ((-3)/9)/((-4)/4272)?
3
Let w be (-12)/(-42) + (-887)/(-7). Suppose -d - w = -5*b, -5*d = 5*b - 59 - 56. What is the units digit of 107/5 + (-10)/b?
1
Suppose -t - 24 = -236. What is the tens digit of t?
1
Suppose -4*z = 8, 0*z = 4*u - 5*z - 58. Let l be 499/3 - 4/u. Suppose -5*x - 56 + l = 0. What is the units digit of x?
2
Let t(q) be the third derivative of q**4/8 - 4*q**3/3 + 7*q**2. What is the units digit of t(13)?
1
Let o(l) = 7*l**2 + 2*l - 4. Let w = 13 + -11. What is the tens digit of o(w)?
2
Let d = 13 - 5. Suppose 0 = 3*k - 5*n + 23, 4*k + 2*n + 30 - d = 0. What is the units digit of k/4*20/(-2)?
5
Suppose -38 - 302 = -2*h + d, -513 = -3*h + 3*d. Suppose 0 = -5*r - m + 40 + 123, -h = -5*r + 2*m. What is the units digit of r?
3
Suppose m + s = 3*s + 114, 0 = -2*m - s + 238. Suppose 0*w + m = 2*w - 2*x, 5*w = 2*x + 310. What is the units digit of w?
4
Let g = -45 - -47. Suppose 2*u + 3*l - 105 = 0, 3*l + 287 = 3*u + 107. Suppose y = -g*y + u. What is the units digit of y?
9
Let k(z) = 25*z - 14. Suppose 0 = -2*o + d + 6, -3*o - 8*d = -4*d - 20